
What is the units digit of 444323?
3
What is the hundred thousands digit of 7588548?
5
What is the tens digit of 556744?
4
What is the ten thousands digit of 64951?
6
What is the millions digit of 22572035?
2
What is the millions digit of 3302193?
3
What is the hundreds digit of 297776?
7
What is the thousands digit of 25604456?
4
What is the thousands digit of 2815669?
5
What is the hundred thousands digit of 3295532?
2
What is the tens digit of 21073?
7
What is the thousands digit of 551363?
1
What is the hundreds digit of 12905771?
7
What is the ten thousands digit of 42332?
4
What is the millions digit of 2187766?
2
What is the thousands digit of 4229?
4
What is the thousands digit of 10395?
0
What is the tens digit of 3035302?
0
What is the hundred thousands digit of 5746591?
7
What is the ten thousands digit of 1086719?
8
What is the ten millions digit of 22775132?
2
What is the tens digit of 1847565?
6
What is the hundred thousands digit of 900229?
9
What is the tens digit of 64104?
0
What is the ten thousands digit of 263612?
6
What is the units digit of 23935176?
6
What is the hundreds digit of 1329920?
9
What is the ten thousands digit of 17844014?
4
What is the hundred thousands digit of 6905653?
9
What is the thousands digit of 165523?
5
What is the hundreds digit of 2551161?
1
What is the units digit of 1817515?
5
What is the ten thousands digit of 502616?
0
What is the hundreds digit of 4320190?
1
What is the hundred thousands digit of 828012?
8
What is the units digit of 177535?
5
What is the millions digit of 22080686?
2
What is the hundred thousands digit of 2337036?
3
What is the tens digit of 181218?
1
What is the thousands digit of 4638191?
8
What is the units digit of 24821191?
1
What is the millions digit of 9123472?
9
What is the hundreds digit of 406941?
9
What is the tens digit of 34917?
1
What is the hundred thousands digit of 7569766?
5
What is the millions digit of 3738392?
3
What is the units digit of 1428620?
0
What is the ten thousands digit of 2530601?
3
What is the hundred thousands digit of 3813840?
8
What is the units digit of 218618?
8
What is the hundreds digit of 3684966?
9
What is the thousands digit of 94154?
4
What is the tens digit of 8549619?
1
What is the tens digit of 313701?
0
What is the hundred thousands digit of 281097?
2
What is the ten thousands digit of 10674880?
7
What is the thousands digit of 7635584?
5
What is the hundred thousands digit of 511440?
5
What is the hundred thousands digit of 105450?
1
What is the thousands digit of 235446?
5
What is the units digit of 3069065?
5
What is the thousands digit of 53354?
3
What is the tens digit of 142894?
9
What is the ten thousands digit of 144799?
4
What is the ten thousands digit of 24461936?
6
What is the hundreds digit of 9381?
3
What is the units digit of 217774?
4
What is the millions digit of 2709830?
2
What is the hundreds digit of 299749?
7
What is the units digit of 280343?
3
What is the tens digit of 97732?
3
What is the tens digit of 1613602?
0
What is the hundreds digit of 1146401?
4
What is the ten millions digit of 13714335?
1
What is the hundred thousands digit of 358949?
3
What is the millions digit of 5519815?
5
What is the ten thousands digit of 1635456?
3
What is the thousands digit of 15151952?
1
What is the millions digit of 8840867?
8
What is the hundred thousands digit of 867982?
8
What is the hundreds digit of 2007358?
3
What is the thousands digit of 1685423?
5
What is the tens digit of 321921?
2
What is the tens digit of 81078?
7
What is the hundred thousands digit of 189760?
1
What is the hundred thousands digit of 917588?
9
What is the thousands digit of 105920?
5
What is the units digit of 2596360?
0
What is the millions digit of 11527727?
1
What is the units digit of 7193565?
5
What is the tens digit of 364768?
6
What is the tens digit of 2593218?
1
What is the tens digit of 28868?
6
What is the units digit of 332304?
4
What is the tens digit of 316518?
1
What is the thousands digit of 62561?
2
What is the ten thousands digit of 372357?
7
What is the thousands digit of 18509115?
9
What is the ten thousands digit of 24699885?
9
What is the hundred thousands digit of 3659393?
6
What is the thousands digit of 437389?
7
What is the hundred thousands digit of 620275?
6
What is the tens digit of 4526262?
6
What is the thousands digit of 665700?
5
What is the units digit of 4059590?
0
What is the hundred thousands digit of 142377?
1
What is the ten thousands digit of 421833?
2
What is the hundreds digit of 457499?
4
What is the millions digit of 7673929?
7
What is the ten thousands digit of 1451874?
5
What is the tens digit of 5258645?
4
What is the tens digit of 49355?
5
What is the units digit of 26972?
2
What is the hundred thousands digit of 111965?
1
What is the ten thousands digit of 89960?
8
What is the units digit of 3826222?
2
What is the thousands digit of 1689?
1
What is the units digit of 73359?
9
What is the units digit of 774833?
3
What is the hundreds digit of 229545?
5
What is the thousands digit of 1039812?
9
What is the hundreds digit of 29686?
6
What is the hundreds digit of 13503836?
8
What is the hundred thousands digit of 469188?
4
What is the units digit of 259431?
1
What is the units digit of 9775?
5
What is the tens digit of 534565?
6
What is the ten thousands digit of 157689?
5
What is the thousands digit of 440570?
0
What is the units digit of 158389?
9
What is the thousands digit of 6114000?
4
What is the tens digit of 5831926?
2
What is the thousands digit of 20436573?
6
What is the ten thousands digit of 95551?
9
What is the ten thousands digit of 73588?
7
What is the hundred thousands digit of 298794?
2
What is the tens digit of 634345?
4
What is the ten millions digit of 16193687?
1
What is the hundreds digit of 677310?
3
What is the hundreds digit of 4949676?
6
What is the tens digit of 1926540?
4
What is the hundred thousands digit of 2840329?
8
What is the hundreds digit of 4880241?
2
What is the ten thousands digit of 563886?
6
What is the units digit of 500576?
6
What is the units digit of 839800?
0
What is the tens digit of 15254178?
7
What is the ten thousands digit of 17749847?
4
What is the hundred thousands digit of 183927?
1
What is the tens digit of 1293299?
9
What is the tens digit of 2663323?
2
What is the units digit of 669145?
5
What is the ten thousands digit of 1043963?
4
What is the hundred thousands digit of 3324691?
3
What is the units digit of 8170140?
0
What is the millions digit of 14939182?
4
What is the ten thousands digit of 295406?
9
What is the thousands digit of 22750163?
0
What is the tens digit of 189187?
8
What is the thousands digit of 69789?
9
What is the thousands digit of 1262205?
2
What is the thousands digit of 544939?
4
What is the ten thousands digit of 42841?
4
What is the hundreds digit of 38436?
4
What is the tens digit of 670273?
7
What is the millions digit of 1422324?
1
What is the thousands digit of 1414323?
4
What is the hundreds digit of 4248545?
5
What is the tens digit of 2392943?
4
What is the units digit of 807149?
9
What is the tens digit of 16876383?
8
What is the tens digit of 40679?
7
What is the tens digit of 16010826?
2
What is the units digit of 538977?
7
What is the tens digit of 2930335?
3
What is the tens digit of 484024?
2
What is the units digit of 30085028?
8
What is the tens digit of 9696972?
7
What is the ten thousands digit of 929510?
2
What is the hundred thousands digit of 216136?
2
What is the hundred thousands digit of 1580145?
5
What is the thousands digit of 150135?
0
What is the ten thousands digit of 939973?
3
What is the hundreds digit of 20351956?
9
What is the ten thousands digit of 2795531?
9
What is the hundred thousands digit of 361891?
3
What is the ten thousands digit of 1062712?
6
What is the millions digit of 1511914?
1
What is the thousands digit of 1177283?
7
What is the hundreds digit of 622845?
8
What is the thousands digit of 706997?
6
What is the units digit of 999693?
3
What is the hundreds digit of 417588?
5
What is the ten thousands digit of 301851?
0
What is the units digit of 490415?
5
What is the units digit of 405309?
9
What is the thousands digit of 204316?
4
What is the units digit 